{"id":47478,"date":"2019-03-18T14:22:07","date_gmt":"2019-03-18T14:22:07","guid":{"rendered":"http:\/\/elrincondelapajarita.es\/?post_type=product&#038;p=47478"},"modified":"2019-03-18T15:06:05","modified_gmt":"2019-03-18T15:06:05","slug":"pendientes-triangulos","status":"publish","type":"product","link":"https:\/\/elrincondelapajarita.es\/index.php\/producto\/pendientes-triangulos\/","title":{"rendered":"Pendientes tri\u00e1ngulos"},"content":{"rendered":"<p>Plata de ley 925 ba\u00f1ado en oro.<\/p>\n","protected":false},"excerpt":{"rendered":"<p>El tri\u00e1ngulo representa la armon\u00eda, la divinidad y la proporci\u00f3n&#8230; y adem\u00e1s quedan ideales!<strong><br \/>\n<\/strong><\/p>\n","protected":false},"featured_media":14002,"template":"","meta":{"_et_pb_use_builder":"","_et_pb_old_content":""},"_links":{"self":[{"href":"https:\/\/elrincondelapajarita.es\/index.php\/wp-json\/wp\/v2\/product\/47478"}],"collection":[{"href":"https:\/\/elrincondelapajarita.es\/index.php\/wp-json\/wp\/v2\/product"}],"about":[{"href":"https:\/\/elrincondelapajarita.es\/index.php\/wp-json\/wp\/v2\/types\/product"}],"wp:featuredmedia":[{"embeddable":true,"href":"https:\/\/elrincondelapajarita.es\/index.php\/wp-json\/wp\/v2\/media\/14002"}],"wp:attachment":[{"href":"https:\/\/elrincondelapajarita.es\/index.php\/wp-json\/wp\/v2\/media?parent=47478"}],"curies":[{"name":"wp","href":"https:\/\/api.w.org\/{rel}","templated":true}]}}